 the value of -6 - (12 + 12 + -13 - 5)?
-12
-21 + (69 - 26) - (2 + 3 + 1)
16
(14 - 6) + (-4 + 8 - 17) + -2
-7
Evaluate -46 + 65 + -6 + -40.
-27
2 + 80 + -71 + (-7 - 2)
2
Evaluate -27 + -1 + -377 + 422.
17
What is the value of (-1 - (-3 - -1)) + (-394 - -374)?
-19
3 + -2 + 1 + 2 + (-1493 - -1495)
6
Evaluate 6 - -1 - ((8 - 7) + 2 + -7).
11
Calculate -1 + -4 - (-86 - -87).
-6
Calculate 19 + -29 + (1 - -8) - (14 - -1).
-16
-2 - -9 - (-86 - -82)
11
What is 5 + 8 + (-20 - -11 - 13)?
-9
Evaluate -2 + (-28 - -40 - 29).
-19
What is the value of (4 - 3) + (-3 - -7 - (12 + -5))?
-2
Evaluate (12 - (0 + (1 - (7 + -11)))) + -12.
-5
What is the value of 5 + (-1 + (-9 - -5) - 4)?
-4
What is the value of 14 + -2 + (4 + -4 + -1 - -3)?
14
Evaluate -4 - (2 - 2) - (108 - 124).
12
Evaluate (1 - -9) + 100 + -88.
22
What is -1 + -9 + -42 - (-71 - -60)?
-41
16 + 5 + (-2 + 18 - 24)
13
Evaluate 5 + (4 - 21 - 0).
-12
Evaluate (-10 + 5 - -9) + -13.
-9
What is the value of 19 + -16 - (-4 - (1 - 3))?
5
Evaluate (18 - (-14 + (11 - -6))) + -35.
-20
Calculate 0 + (32 - -6) + -16.
22
(-1 - (-5 - 2)) + -660 + 671
17
What is the value of (21 - 21) + (-1 + -19 - 1) + 8?
-13
Calculate -10 + 13 + -3 + -6.
-6
What is 1 + 7 - (73 + -64 - (1 + 0))?
0
What is 3 + -13 + 8 - (-5 - -22)?
-19
(-18 - -1) + (13 - (33 - 38))
1
-27 - (7 + (-26 - 31))
23
What is -2087 - -2082 - (1 - (-2 - 1))?
-9
Calculate -12 + 2 + 5 + (8 - 0).
3
-1 - 9 - (-149 - -140)
-1
What is the value of (14 - -17) + -19 + -4?
8
Evaluate 28 - (61 + (13 - 43)).
-3
Evaluate 4 - (-4 + 9 + 9 + -7 + 0).
-3
((-2 - (-9 + 2)) + -10 - 8) + 2
-11
45 + -25 + -25 + -9
-14
What is the value of 154 + -131 - (36 + 2)?
-15
4 + 29 + 2 - 23
12
Calculate 4 + 4 + 7 - (-16 - -13) - 3.
15
What is the value of 1 + (4 + 3 - 11) + -8?
-11
Calculate 28 + (14 - 31) + 8 + (-4 - -1).
16
What is the value of (646 - 659) + (-1 - (1 - -1))?
-16
Calculate (-28 - -41 - (-2 - (4 - 17))) + 5.
7
What is the value of 2 + (0 - 7) + -16 + 12 + 5?
-4
What is 2 + (-5 + (-1 - -4) - 3) + 7?
4
Calculate 0 + 10 + (-23 - -15) + (0 - -4).
6
(25 + -22 - -17 - -10) + (0 - -4)
34
Evaluate 9 + -1 + 0 + -8 - 7.
-7
What is the value of (10 - -14) + -8 + 1 - -2?
19
What is the value of -35 + 44 + 11 + -31?
-11
Evaluate 30 + 45 + -108 - -51.
18
Evaluate 3 - (2 + -10 + 3) - (7 - 9).
10
Evaluate (-5 + 3 - -10) + -4 - 9 - 7.
-12
Calculate -6 - (14 + (3 - 0) + -20 + 25).
-28
What is -4 + 3 + 8 + -7 - 8?
-8
13 + -22 + -10 + 4 + 0 + -1
-16
-5 + (6 - 7) - (-19 - -3)
10
What is the value of -10 + (-9 - (-9 - (7 + 6)))?
3
What is the value of -25 + (6 - -16) - (-19 + 3 + 0)?
13
4 - (0 - 4) - (118 - 96)
-14
What is 2 + -2 + 0 + 11 + 4 - -1?
16
What is the value of 0 + 15 - ((-278 - -259) + (-1 - -11))?
24
(12 - 26 - (9 - (-5 - -6))) + 11
-11
Calculate -4 + 0 + (-2 - (5 + -2)) - -5.
-4
What is 8 + 8 + 5 + 0?
21
Calculate -55 - (-10 + -22) - (-18 - -3).
-8
What is the value of (-5 - -7 - 14) + 10 + 1?
-1
(-28 - 22) + -20 + 35
-35
Calculate 10 - (17 - (1 + 2)) - 7.
-11
Evaluate -4 + 0 - (-194 - -184).
6
What is -159 + 151 - (17 + -3)?
-22
Evaluate 18 + (-11 - 11) + (-2 - -6) - -23.
23
-23 + (14 + 2 - 5)
-12
17 - 0 - (-28 + 28) - (1 + 0)
16
Evaluate (-368 - -363) + (-1 - (2 - (2 - 0))).
-6
Calculate 2 + -2 - ((-14 - -3) + 6).
5
What is 16 - (47 - (-7 - (-3 - 9)))?
-26
7 + (2 - 4) + (-2 - (-9 - -12))
0
-6 + -26 + ((-5 - 3) + 24 - 5)
-21
What is -3 - -3 - (10 + (9 + -11 - 3))?
-5
What is -13 - (-51 - -33) - (-5 + 3 - -13)?
-6
Calculate -3 - (-7 - -10 - 0 - 8) - -15.
17
(-10 - (-19 + 14)) + (1 - 0 - 1)
-5
Calculate -41 + 44 - (3 + -15).
15
Calculate (3 - (-3 - -9)) + (-19 - -16).
-6
Calculate 25 + (0 - (14 + 2 + -4)).
13
Calculate 51 - 55 - (-1 + (0 - 4 - -2)).
-1
Evaluate 9 - (6 + -8 - -6 - -4).
1
What is (-17 - 11) + 29 + 1 + -22?
-20
Calculate (-1 - -14) + (1384 - 1406).
-9
What is the value of -11 - (7 + -13 - (-6 - -8 - 3))?
-6
What is (21 - ((7 - 7) + 14)) + -3?
4
What is the value of -6 - (5 - (-19 - (18 + -27)))?
-21
What is the value of 1 + 0 - (-2 - -5 - 4)?
2
-1 - (-1 - (-2 + 7 + -8))
-3
What is the value of -42 + 48 + (1 - 1) + (-19 - -2)?
-11
Calculate (11 - 6) + (77 - 63).
19
What is 60 - -1 - 54 - (-22 + -1)?
30
What is the value of -19 + 22 + -18 - ((4 - 3) + -1)?
-15
Evaluate 45 - (21 - (-35 + 44)).
33
What is the value of -5 + -2 + 11 + 0 + -1 + -1?
2
Calculate 4 - 7 - (4 - (6 + -5)).
-6
6 + (10 - (13 + -1 + -2))
6
What is the value of 9 - (3 + 5 - (2 - -5)) - 6?
2
2 - (1 - 7) - (5 - -12) - -6
-3
What is (-348 - -317) + -1 + 28?
-4
(-122 - -114) + (0 - -3)
-5
(-31 + 31 - 0) + 13 + 2
15
-12 + -8 + 15 + -7 + -3 + 9
-6
8 + (2 - 7) - (2 + 12)
-11
What is the value of -7 + (-8 - -12) + 4 + 21?
22
What is the value of -61 + 48 + (-1 + 1 + 2 - -8)?
-3
Calculate -1 - -7 - -4 - 13.
-3
(-10 + (0 - 1) - (76 - 70)) + 6
-11
What is -8 + (18 - -3) + 14 - (1 + 7)?
19
What is 7 + (-28 - (7 + -7 - 10))?
-11
Evaluate 2 + 2 + 11 + -9 + -17.
-11
-25 + 2 + (31 - 16)
-8
What is -34 + -42 - -28 - -30?
-18
Calculate -26 + 10 + -1 + (3 - 0).
-14
Evaluate (-14 - (-28 - -9)) + (-5 - -1) + 2.
3
-12 - (-7 - 1 - (-16 - -24))
4
What is -96 - -98 - (7 + 0) - (-1 + -2)?
-2
What is -7 + 19 + -6 + -5?
1
Calculate -37 + (31 - (8 - 44)).
30
What is the value of -13 + 9 + -43 - -24?
-23
What is the value of (1 - 0) + -12 + -12 + (-5 - -23)?
-5
What is (11 + -1 - 0) + (111 - 115)?
6
What is the value of (-5 - -9) + (2 - 9) - -12?
9
-17 - (-4 - -6 - (-3 - -5 - -6))
-11
(99 - 98) + (0 - -3)
4
What is the value of 20 - 12 - 10 - -2?
0
What is the value of 6 + (-11 - 2 - -5) - 3?
-5
-13 + -16 + 0 - (-6 - (-4 + 7))
-20
Evaluate 4 - -12 - 8 - (-3 - 6).
17
Calculate 14 - (1 - (-28 + 50)).
35
What is the value of 75 + 5 + -49 - 10?
21
Calculate 28 + -1 - (573 + -578).
32
Evaluate 46 + -56 - -2 - (1 + -15).
6
Evaluate -3 - ((-5 - (3 - 8)) + 2).
-5
Calculate (-3 + -13 + 3 - (-27 + 26)) + -1.
-13
Evaluate -1 + -11 + 23 + 0 + -11.
0
What is -10 - -4 - (10 - -8 - (2 + 3))?
-19
What is the value of 58 + 0 + 125 + -157?
26
(17 + -9 - 27) + 10
-9
Calculate -23 - -10 - 2 - (-68 + 48).
5
Evaluate (2 - -5 - (3 + -2)) + (34 - 54).
-14
Evaluate 1 + (9 - (8 - -3)) - (-1 - -4).
-4
Calculate -196 + 163 - (-12 + 4).
-25
What is the value of (-1 - (-7 + -2)) + (132 - 138)?
2
Calculate -24 + 9 + -7 + 18 - 28.
-32
(-18 - -33) + -3 + 1 - (3 - 0)
10
1 + -13 + (-17 + 23 - 3)
-9
Calculate -1 - (24 - (17 - 3)).
-11
Calculate -2 + 18 + (9 - 8) + 16.
33
(-13 - -6) + (-1 - (-4 - 0))
-4
What is the value of (5 - -1 - -7) + 0 + -5?
8
-9 - 5 - ((11 - 4) + -2)
-19
What is the value of 17 + (-1 - 0 - (31 - 30) - 1)?
14
What is 4 - 1 - (-37 + 33) - 6?
1
Evaluate -3 - (-2 + 4 + 4 + -29).
20
Evaluate 15 - (-3 + 7) - (51 + -28).
-12
Calculate -13 - -25 - (3 + -9).
18
Calculate (-1 - ((0 - -4) + -2)) + 3 + -6.
-6
Evaluate 888 + -890 + -34 + -2.
-38
-13 + 15 + -9 - -20
13
What is 38 + -4 + -15 + -6?
13
What is the value of (0 + 3 - 6) + -128 + 126?
-5
What is -4 + (214 - 167) + -16 + 0?
27
What is 11 - (19 - (-17 + 21) - -1)?
-5
Calculate -9 - 13 - (5 + (-13 - 0)).
-14
Calculate -5 + -24 + 40 + (4 - 33).
-18
What is (0 - -21 - (-71 + 88)) + 19 + 1?
24
Evaluate -1 + 6 - (14 + -8).
-1
Evaluate -16 - (32 - 23 - (3 - -2)).
-20
What is the value of 4 + 2 + -6 + -2 + 4?
2
Evaluate (16 - -13) + -28 - -3.
4
(-238 - -224) + -2 + 42
26
What is the value of (13 - -12) + (-7 - 3)?
15
6 - -9 - 0 - (12 - 5 - 15)
23
Calculate 9 - ((-51 - -85) + -1 + 0 + -5).
-19
Calculate 23 - 32 - -6 - (-5 - (-1 + 0)).
1
(-21 - (-23 - 10)) + -35
-23
18 + (-45 - -17) + (5 - 1)
-6
What is 14 - (-3 + (-6 - -10))?
13
What is the value of (3 - 3) + -1 - (2 - (3 + -9))?
-9
Calculate -36 + 77 + -44 + 8.
5
What is the value of 269 - 281 - (-6 + 2)?
-8
Calculate (2 - -2 - 0) + -91 + 92.
5
What is -19 + 7 + 14 + -8?
-6
What is 32 - 28 - (-6 + -15) - 2?
23
Evaluate -3 - ((19 - 7) + -15).
0
What is (-13 - -1) + 10 + 5?
3
What is -5 - (10 - (4 - 9 - -8))?
-12
Evaluate -3 + 27 + (12 - 6 - 7).
23
Calculate -7 + 0 - (5 + -8) - (-91 + 97).
-10
Evaluate 0 + 1 + -1 + (17 - (-26 + 36)).
7
4 + 2 + 9 + 3 + -13
5
What is the value of 9 - (-4 + -5 + 35 + -8)?
-9
What is -17 - (-25 - -8 - 13)?
13
Calculate 4 - (15 - 23 - (0 - -5)) - -10.
27
11 + -13 + 0 + 4 + -9 + 1
-6
What is the value of 1328 + -1361 + (-1 + 